 + 11 + 8 + -23?
4
What is the value of 2 + 15 + -27 + 5 + -18?
-23
Calculate -6 + 6 + (1 - 2) + -2 + 6.
3
Evaluate (0 + -1 - (-56 + 83)) + 7.
-21
Evaluate (5 - 4) + -10 + 4 + (2 - 9).
-12
Evaluate -3 + -30 + 4 + 11 + 22.
4
Calculate (-5 - 6) + 14 - (-1 + -3) - -4.
11
Evaluate -73 + 86 + -1 + -19.
-7
What is (-1 - -18) + -7 + -25?
-15
Calculate -7 - (-8 + 0) - (-26 - -6 - -4).
17
What is (2 + -5 + -1 - -10) + -4?
2
What is the value of (-47 - -18) + -11 - -32?
-8
What is the value of 61 + -73 + (-5 - 7)?
-24
What is the value of -15 + (190 + -185 - (0 - -6))?
-16
Evaluate 3 + -3 + -1 + (-3 - (1 + -8)).
3
What is -10 + 5 + -3 + -3 + (22 - 6)?
5
Evaluate 8 + -6 + -17 + 16.
1
Calculate (-8 - -8) + 3 + 13.
16
What is the value of 4 - (-18 + 26 + -17)?
13
(-36 - -19 - -15) + -4 + 0
-6
Calculate -11 - (-26 + -1 + 14).
2
What is 13 + 10 + -6 + -32 + (-2 - -3)?
-14
What is -10 + (-3 - (9 - 4))?
-18
Calculate -43 + 32 - (-4 - 2) - (2 - 19).
12
What is the value of (-37 - -6) + 20 + -6?
-17
Calculate -24 + 29 + -17 + (0 - -2) + 2.
-8
What is -11 + 2 - (14 - (9 + -3))?
-17
What is (21 - 11) + (-6 - (-1 + -1))?
6
What is the value of (-8 - (0 + -10 - -4) - 3) + 10?
5
What is -9 + (-8 + 5 - -11)?
-1
Evaluate -18 - (-15 - -7) - (0 - 5) - -21.
16
Calculate (372 - 330) + -2 + -49.
-9
What is -4 - 1 - (-1 + 0) - (4 + -1)?
-7
What is -12 + -1 + -7 + 34?
14
Calculate 0 + 6 + (8 - 5) - (3 + 6).
0
Calculate 90 + -88 + (-1 - -13) + -14.
0
(-16 - -12) + (4 - -2) + 0 + 4
6
What is the value of 5 + -5 - -9 - (-8 + 6)?
11
(-11 - (-41 - -11)) + -21
-2
What is -6 - (4 - (8 + -5 + -6))?
-13
Calculate 3 + (-2 - -4 - (2 + -4 - -19)).
-12
Calculate (2 - -9) + -3 + 3.
11
Calculate 7 - (0 - -22 - 9).
-6
Calculate 3 + -3 - (26 - 37 - 3).
14
Calculate (-26 - -19) + (-3 - -18) + 6.
14
Evaluate 9 + -28 + 5 + 25.
11
Calculate -22 + (11 - 21) + 55.
23
Evaluate (9 - (-9 + 11)) + -15 + 17.
9
Evaluate 43 - 4 - 5 - 8 - (5 + 0).
21
What is -17 + 0 + 2 - (107 + -113)?
-9
-59 + 56 + (2 - -1) - 0
0
What is the value of (-26 - -14) + -3 + 2 + 9?
-4
What is -428 + 424 + -2 + 3 + 16?
13
Evaluate -10 - (-5 + -8 + 14 + 6).
-17
Calculate 10 + (-15 - 1) + (-12 + 9 - -9).
0
What is -6 + -1 + -41 + 52?
4
Calculate 10 - 8 - (-2 + -6 + -1).
11
Calculate 2 - ((-4 - -9) + (-8 - -8)).
-3
-8 - -36 - (-37 - -49)
16
What is the value of 0 + -6 - (-6 - (-9 + 7))?
-2
Evaluate -4 + 0 + 73 + -53.
16
Calculate 0 + -16 + (-1 + -4 - -10).
-11
Calculate -2 - (-1 - 12 - -15).
-4
-5 + -8 + 9 + (3 - 26)
-27
Calculate ((-5 - -2) + -4 + 2 - -7) + 23.
25
9 - (31 + -1 + 23 + -12 + -11)
-21
Evaluate -9 + 4 + (-6 - -8) + -7 - 1.
-11
What is the value of -18 + 18 + -12 + 4?
-8
What is the value of 26 - (7 + -1 + -18 + 17 + 0)?
21
What is the value of 0 + -3 - (-117 + 93 - 4)?
25
(-40 - (-111 - -46)) + (1 - -2)
28
Evaluate -5 - (9 + (9 - 15) + 4).
-12
What is the value of 21 - 2 - (22 - 18)?
15
Calculate -7 + -28 - (1 + -16).
-20
Calculate 6 + -3 + -4 + -2 + -64 + 78.
11
Evaluate 3 + 11 + -18 + (12 - 24).
-16
What is the value of -5 + 7 + -8 + 25?
19
Evaluate (424 - 434) + (7 + (-2 - 1) - 0).
-6
(9 + 5 - 7) + 4
11
Evaluate -2 + -1 + 2 + 22 + -7.
14
What is the value of -3 + 10 + (-3 - -13)?
17
Calculate 2 + (10 - (-6 - -2 - -9)).
7
2 + (43 - (-10 - (2 - (-5 - -25))))
37
Evaluate -3 + 0 + (-8 + 12 - 30) + 0.
-29
2 - (-7 + 17 + -1) - 26
-33
Evaluate -35 - (-11 + 12 - 1 - (2 - -2)).
-31
Calculate -5 - 1 - (2 - (0 + -8)).
-16
4 + -23 - (6 - 10) - (3 - 1)
-17
(-7 - ((0 - 11) + 5)) + -4 - 8
-13
Evaluate -11 + 16 + -16 + 26 - 43.
-28
Calculate 621 - 601 - (0 - -10).
10
What is 39 - (16 - 15 - (1 - 15))?
24
(37 + -41 - -8) + (-2 - 1)
1
Evaluate -30 + (44 - -1) - 0.
15
(15 - (-1 + 6 - -3) - 16) + -1
-10
Evaluate (-1 + -3 - (-1 - 1)) + (-980 - -974).
-8
What is 61 + -7 - (57 - 19)?
16
What is the value of -26 + -4 + (6 + (-1 - 1) - -5)?
-21
What is 7 + (-12 - -19) + -7?
7
Evaluate 26 + (-79 - -46) + (0 - -1 - -3).
-3
Calculate -17 + -8 + (-15 - -12) - -12.
-16
What is -26 + (13 - 10 - -8 - (-1 - -9))?
-23
What is -2 - (-20 + 1) - (1212 - 1216)?
21
What is the value of 10 - (4 + 4 + -4 + 4 + -2)?
4
What is (-7 - -17 - 16) + 14?
8
Evaluate 14 + -1 + 20 + -12.
21
What is -1 + -11 + 7 - (-50 - -5) - 6?
34
-7 + (11 - 0 - (79 - 69))
-6
What is the value of (12 - (-1 + -1)) + (1250 - 1255)?
9
17 + -10 - (-10 + 9 - (-1 + 2))
9
Calculate (18 - -1) + 11 + -11 + 0.
19
Calculate 2 - (-1 - -2) - (3188 - 3172).
-15
Calculate 8 - (8 + -1 + -8 - -6).
3
What is 37 + -13 - (0 + (6 - 12) - -14)?
16
(-8 - 15) + 53 + -47
-17
-4 + 3 + 6 - (3 - 15)
17
What is the value of -4 + -13 - ((3 - 8 - 2) + 4)?
-14
Evaluate (0 - 2 - (37 + -43) - 12) + 4.
-4
-50 + 49 + (-2 - 13) - 4
-20
Evaluate -4 + 4 - (20 - (-16 + 26)).
-10
What is the value of (-6 - -10) + -4 + (1 - 0)?
1
What is the value of 0 + -4 - (-2 + 4 - -6) - -6?
-6
What is -2 - (-3 - -5 - 5 - (-1 + -7))?
-7
Evaluate 3 - (17 + (-10 - (-6 + -7))).
-17
Calculate (-7 - ((-1 - (-6 + 1)) + -10)) + -2.
-3
Evaluate (38 - 37 - -11) + 3.
15
Evaluate (-1 - -6) + (-106 - -111) + -4 + 1.
7
Calculate -7 - ((8 - 10) + 8).
-13
What is 6 - (8 + -5 + (-1 - 1))?
5
What is 2 + 8 - (51 + -108 - -57)?
10
Evaluate -8 + -15 + 0 + 11.
-12
What is the value of 41 + (-3 - 10) + 5 + (-2 - -4)?
35
0 + -2 + 1 + -6
-7
Calculate -1 + (-10 - (26 + -53)) + 1 + -13.
4
What is 29 - 15 - 35 - -22?
1
What is (10 - 11) + 15 + -14?
0
Evaluate (-5 - -11) + -3 + (5 - -3).
11
What is 0 - -29 - (1438 + -1446)?
37
What is the value of 14 + -4 + 76 + -105?
-19
What is the value of 928 + -945 - (-1 + 0 + -4)?
-12
Calculate (13 - 9) + -19 - -6.
-9
Evaluate 0 - (-9 - -2) - -1 - (-300 + 283).
25
Calculate 167 + -146 + (1 - 35).
-13
Evaluate -19 + 15 + (-2 - -1).
-5
Calculate 10 + 27 + 25 - 36.
26
What is -5 - (-8 - (-5 + 3))?
1
What is -3 - (8 + (-3 + -5 + 4 - -5))?
-12
Calculate (3 - (-1 + 7 - 5)) + 7 + -10.
-1
What is the value of -15 - ((-17 - -6) + -9)?
5
-35 - (11 + -14 - 22)
-10
What is 16 - (4 + (-4 - 2)) - -1?
19
0 + (4 - (40 - 46 - (-17 - 0)))
-7
What is 22 - -1 - (-20 - (-1 + -28))?
14
What is -5 + (3 - 1 - (6 - 10)) + 1?
2
(3 - 3) + -200 + 205
5
What is the value of (-13 - 3 - (16 + -16)) + 6?
-10
What is 793 + -743 - (-2 - -27)?
25
What is -2 + 6 + (-1 - -6) + -8 + -5?
-4
What is the value of 11 - (7 - (-9 - 5))?
-10
(-14 + 20 - 16) + 10
0
What is the value of 17 + (15 - 37) + 14 + -38?
-29
Evaluate (-7 + 3 - -11 - 24) + 11 + -2.
-8
What is 11 + (-21 + 8 - -20) + -6?
12
Calculate -5 + -3 + (10 + 4 - 6).
0
What is 5 + -2 - (1205 + -1216)?
14
Evaluate 8 - (2 + -2 - -1) - 24.
-17
Calculate (0 - 3) + 18 + -26 - 1.
-12
Evaluate 6 + -3 + (7 - 2) + -6 + -32.
-30
Evaluate 0 + (0 - 6) - (2 - (1 - -10)).
3
Calculate (-12 + 9 - -6 - 4) + -6.
-7
What is -4 + (1 - (10 + -4)) + 6?
-3
What is the value of 6 + -12 + (0 - (-6 - -18)) + 1?
-17
What is the value of 24 - (22 - (-6 - -16))?
12
Evaluate -6 - (-1 - (23 + -5)).
13
What is 27 + -6 - (8 + -2)?
15
Calculate -4 + (6 - 4) + (11 + -5 - 16).
-12
Evaluate (-3 - 12) + 17 + 6 + 1.
9
Calculate -9 + 22 - (4 + (7 - -1)).
1
(-13 - -21) + -11 + -16
-19
What is 325 - 309 - (31 - -5)?
-20
Calculate -31 + (19 - 28 - -37).
-3
Calculate -16 + -5 + (18 - (-1 - -9)).
-11
19 + 11 + 13 + -21
22
74 + -3 + -71 + 14 + 0
14
What is the value of 7 - 4 - 1 - (6 + (-37 - -13))?
20
Evaluate 28 - (-18 - (5 + -16) - -25).
10
What is 11 - (31 - 23) - (4 + (-2 - 0))?
1
2 - (-14 - -11 - (-12 - 0))
-7
Calculate (-1 - -7) + -16 + (61 - 34).
17
What is 7 + -10 + -8 + -5 + 22 + -8?
-2
167 - 170 - ((-4 - 3) + -3)
7
-6 + (8 - -12 - 42)
-28
0 - 0 - (-14 + -8 + 17 + 10)
-5
-13 - (-6 + (5 - 2))
-10
Calculate 69 - 58 - (16 - 2).
-3
What is the value of -20 - (10 + -4 + 2 - 21 - -5)?
-12
6 - 7 - ((-12 - -16) + 0 + -5)
0
Calculate -2 + (13 - 3 - 0).
8
What is -59 - -109 - (47 + -1)?
4
Evaluate (-42 - -55 - (0 + 3)) + 9 + -13.
6
What is (-20 - (-14 + 2)) + 11 - (5 + -23)?
21
What is -17 + -2 + 4 + (7 - 22) + 12?
-18
What is the value of -9 + -3 + (15 - (31 + -26))?
-2
Evaluate 3 + (0 - -10) + (-4 + 4 - 5).
8
What is the value of -24 - (-22 + 43 + -38)?
-7
Evaluate (8 - (-4 + 1 + 1) - 6) + -8.
-4
What is 25 - (6 + 17) - (5 - 17)?
14
Calculate -7 + (17 - 9) - (-11 + 5 + -4).
11
-21 + 22 + 6 + -3
4
What is 4 - (-5 + 2 + (52 - 48))?
3
What is (-42 